{"id":132,"date":"2023-02-09T07:43:17","date_gmt":"2023-02-09T07:43:17","guid":{"rendered":"https:\/\/spielwiese-werbetechnik.net\/?page_id=132"},"modified":"2023-03-03T07:29:27","modified_gmt":"2023-03-03T07:29:27","slug":"spanntuch","status":"publish","type":"page","link":"https:\/\/spielwiese-werbetechnik.net\/index.php\/spanntuch\/","title":{"rendered":"Spanntuch"},"content":{"rendered":"\n<div id=\"wp-block-themeisle-blocks-advanced-columns-a2946a77\" class=\"wp-block-themeisle-blocks-advanced-columns alignfull has-2-columns has-desktop-equal-layout has-tablet-equal-layout has-mobile-collapsedRows-layout has-vertical-center ticss-a2946a77 has-dark-bg coblocks-animate\" data-coblocks-animation=\"slideInBottom\"><div class=\"wp-block-themeisle-blocks-advanced-columns-overlay\"><\/div><div class=\"innerblocks-wrap\">\n<div id=\"wp-block-themeisle-blocks-advanced-column-bbddf55b\" class=\"wp-block-themeisle-blocks-advanced-column\"><div class=\"wp-block-image\">\n<figure class=\"aligncenter size-large\"><img loading=\"lazy\" decoding=\"async\" width=\"1024\" height=\"768\" src=\"https:\/\/spielwiese-werbetechnik.net\/wp-content\/uploads\/2023\/02\/spanntuch-buero-1024x768.jpg\" alt=\"\" class=\"wp-image-432\" srcset=\"https:\/\/spielwiese-werbetechnik.net\/wp-content\/uploads\/2023\/02\/spanntuch-buero-1024x768.jpg 1024w, https:\/\/spielwiese-werbetechnik.net\/wp-content\/uploads\/2023\/02\/spanntuch-buero-300x225.jpg 300w, https:\/\/spielwiese-werbetechnik.net\/wp-content\/uploads\/2023\/02\/spanntuch-buero-768x576.jpg 768w, https:\/\/spielwiese-werbetechnik.net\/wp-content\/uploads\/2023\/02\/spanntuch-buero-1536x1152.jpg 1536w, https:\/\/spielwiese-werbetechnik.net\/wp-content\/uploads\/2023\/02\/spanntuch-buero.jpg 1600w\" sizes=\"auto, (max-width: 1024px) 100vw, 1024px\" \/><\/figure>\n<\/div><\/div>\n\n\n\n<div id=\"wp-block-themeisle-blocks-advanced-column-92b2db05\" class=\"wp-block-themeisle-blocks-advanced-column\">\n<h2 id=\"wp-block-themeisle-blocks-advanced-heading-8f1f2647\" class=\"wp-block-themeisle-blocks-advanced-heading wp-block-themeisle-blocks-advanced-heading-8f1f2647\">Spanntuch<\/h2>\n\n\n\n<p class=\"has-white-color has-text-color\">Rei\u00df- und wetterfestes Gewebe gespannt auf versch. Formen.<br><br>Qualitativ hochwertige Ausf\u00fchrung in Aluminium Naturfarbe nach RAL +21,00 EUR umlauf.\/meter. Fast jede Form und Gr\u00f6\u00dfe realisierbar.\u00a0Ein- wie beidseitig bespannbar!\u00a0Beschriftet oder unbeschriftet f\u00fcr Innen- und Au\u00dfenbereich.<\/p>\n\n\n\n<div class=\"wp-block-buttons is-layout-flex wp-block-buttons-is-layout-flex\">\n<div class=\"wp-block-button is-style-3d\"><a class=\"wp-block-button__link has-background wp-element-button\" style=\"background:linear-gradient(178deg,rgb(57,228,54) 0%,rgb(44,144,57) 100%)\">ab 1250\u20ac<\/a><\/div>\n<\/div>\n<\/div>\n<\/div><\/div>\n\n\n\n<div style=\"height:30px\" aria-hidden=\"true\" class=\"wp-block-spacer\"><\/div>\n\n\n\n<div class=\"wp-block-columns coblocks-animate is-layout-flex wp-container-core-columns-is-layout-9d6595d7 wp-block-columns-is-layout-flex\" data-coblocks-animation=\"slideInBottom\">\n<div class=\"wp-block-column is-layout-flow wp-block-column-is-layout-flow\">\n<p class=\"has-text-align-center has-large-font-size has-custom-weight\" style=\"font-weight:bold\">Preis\u00fcbersicht<\/p>\n\n\n\n<p class=\"has-text-align-center has-small-font-size\">Gr\u00f6\u00dfe und\/oder beidseitige Anlagen bitte anfragen!<br>Lackierung nach RAL +21,00 Euro.<\/p>\n\n\n\n<table id=\"tablepress-3\" class=\"tablepress tablepress-id-3\">\n<tbody class=\"row-striping row-hover\">\n<tr class=\"row-1\">\n\t<td class=\"column-1\"><strong>Format einseitig [mm\u00b2]<\/strong><\/td><td class=\"column-2\"><strong>Mit LED Ausleuchtung<\/strong><\/td><td class=\"column-3\"><strong>Mit LSR Ausleuchtung<\/strong><\/td><td class=\"column-4\"><strong>Preis Beschriftung ab<\/strong><\/td><td class=\"column-5\"><\/td><td class=\"column-6\"><\/td><td class=\"column-7\"><\/td>\n<\/tr>\n<tr class=\"row-2\">\n\t<td class=\"column-1\"><strong>1000 x 2000<\/strong><\/td><td class=\"column-2\">1650,00\u00a0\u20ac<\/td><td class=\"column-3\">1250,00\u00a0\u20ac<\/td><td class=\"column-4\">70,00\u00a0\u20ac<\/td><td class=\"column-5\"><\/td><td class=\"column-6\"><\/td><td class=\"column-7\"><\/td>\n<\/tr>\n<tr class=\"row-3\">\n\t<td class=\"column-1\"><strong>2000 x 2000<\/strong><\/td><td class=\"column-2\">2175,00\u00a0\u20ac<\/td><td class=\"column-3\">1553,00\u00a0\u20ac<\/td><td class=\"column-4\">140,00\u00a0\u20ac<\/td><td class=\"column-5\"><\/td><td class=\"column-6\"><\/td><td class=\"column-7\"><\/td>\n<\/tr>\n<tr class=\"row-4\">\n\t<td class=\"column-1\"><strong>3000 x 2000<\/strong><\/td><td class=\"column-2\">2777,00\u00a0\u20ac<\/td><td class=\"column-3\">2106,00\u00a0\u20ac<\/td><td class=\"column-4\">210,00\u00a0\u20ac<\/td><td class=\"column-5\"><\/td><td class=\"column-6\"><\/td><td class=\"column-7\"><\/td>\n<\/tr>\n<tr class=\"row-5\">\n\t<td class=\"column-1\"><strong>4000 x 2000<\/strong><\/td><td class=\"column-2\">3553,00\u00a0\u20ac<\/td><td class=\"column-3\">2660,00\u00a0\u20ac<\/td><td class=\"column-4\">280,00\u00a0\u20ac<\/td><td class=\"column-5\"><\/td><td class=\"column-6\"><\/td><td class=\"column-7\"><\/td>\n<\/tr>\n<tr class=\"row-6\">\n\t<td class=\"column-1\"><strong>3000 x 3000<\/strong><\/td><td class=\"column-2\">3884,00\u00a0\u20ac<\/td><td class=\"column-3\">2879,00\u00a0\u20ac<\/td><td class=\"column-4\">310,00\u00a0\u20ac<\/td><td class=\"column-5\"><\/td><td class=\"column-6\"><\/td><td class=\"column-7\"><\/td>\n<\/tr>\n<tr class=\"row-7\">\n\t<td class=\"column-1\"><strong>4000 x 4000<\/strong><\/td><td class=\"column-2\">6357,00\u00a0\u20ac<\/td><td class=\"column-3\">4571.00 \u20ac<\/td><td class=\"column-4\">504,00\u00a0\u20ac<\/td><td class=\"column-5\"><\/td><td class=\"column-6\"><\/td><td class=\"column-7\"><\/td>\n<\/tr>\n<\/tbody>\n<\/table>\n<!-- #tablepress-3 from cache --><\/div>\n<\/div>\n","protected":false},"excerpt":{"rendered":"<p>Preis\u00fcbersicht Gr\u00f6\u00dfe und\/oder beidseitige Anlagen bitte anfragen!Lackierung nach RAL +21,00 Euro.<\/p>\n","protected":false},"author":2,"featured_media":0,"parent":0,"menu_order":0,"comment_status":"closed","ping_status":"closed","template":"","meta":{"_coblocks_attr":"","_coblocks_dimensions":"","_coblocks_responsive_height":"","_coblocks_accordion_ie_support":"","_eb_attr":"","neve_meta_sidebar":"","neve_meta_container":"","neve_meta_enable_content_width":"","neve_meta_content_width":0,"neve_meta_title_alignment":"","neve_meta_author_avatar":"","neve_post_elements_order":"","neve_meta_disable_header":"","neve_meta_disable_footer":"","neve_meta_disable_title":"","_themeisle_gutenberg_block_has_review":false,"footnotes":""},"class_list":["post-132","page","type-page","status-publish","hentry"],"yoast_head":"<!-- This site is optimized with the Yoast SEO plugin v26.9 - https:\/\/yoast.com\/product\/yoast-seo-wordpress\/ -->\n<title>Spanntuch - Hoffschmidt Werbeteam<\/title>\n<meta name=\"description\" content=\"Rei\u00df- und wetterfestes Gewebe gespannt auf versch. Formen.Qualitativ hochwertige Ausf\u00fchrung in Aluminium Naturfarbe nach RAL +21,00 EUR umlauf.\/meter. Fast jede Form und Gr\u00f6\u00dfe realisierbar. Ein- wie beidseitig bespannbar! Beschriftet oder unbeschriftet f\u00fcr Innen- und Au\u00dfenbereich.\" \/>\n<meta name=\"robots\" content=\"noindex, follow, max-snippet:-1, max-image-preview:large, max-video-preview:-1\" \/>\n<meta property=\"og:locale\" content=\"de_DE\" \/>\n<meta property=\"og:type\" content=\"article\" \/>\n<meta property=\"og:title\" content=\"Spanntuch - Hoffschmidt Werbeteam\" \/>\n<meta property=\"og:description\" content=\"Rei\u00df- und wetterfestes Gewebe gespannt auf versch. Formen.Qualitativ hochwertige Ausf\u00fchrung in Aluminium Naturfarbe nach RAL +21,00 EUR umlauf.\/meter. Fast jede Form und Gr\u00f6\u00dfe realisierbar. Ein- wie beidseitig bespannbar! Beschriftet oder unbeschriftet f\u00fcr Innen- und Au\u00dfenbereich.\" \/>\n<meta property=\"og:url\" content=\"https:\/\/spielwiese-werbetechnik.net\/index.php\/spanntuch\/\" \/>\n<meta property=\"og:site_name\" content=\"Hoffschmidt Werbeteam\" \/>\n<meta property=\"article:publisher\" content=\"https:\/\/www.facebook.com\/people\/Hoffschmidt-Werbeteam\" \/>\n<meta property=\"article:modified_time\" content=\"2023-03-03T07:29:27+00:00\" \/>\n<meta property=\"og:image\" content=\"https:\/\/spielwiese-werbetechnik.net\/wp-content\/uploads\/2023\/02\/spanntuch-buero-1024x768.jpg\" \/>\n<meta name=\"twitter:card\" content=\"summary_large_image\" \/>\n<meta name=\"twitter:label1\" content=\"Gesch\u00e4tzte Lesezeit\" \/>\n\t<meta name=\"twitter:data1\" content=\"1\u00a0Minute\" \/>\n<script type=\"application\/ld+json\" class=\"yoast-schema-graph\">{\"@context\":\"https:\/\/schema.org\",\"@graph\":[{\"@type\":\"WebPage\",\"@id\":\"https:\/\/spielwiese-werbetechnik.net\/index.php\/spanntuch\/\",\"url\":\"https:\/\/spielwiese-werbetechnik.net\/index.php\/spanntuch\/\",\"name\":\"Spanntuch - Hoffschmidt Werbeteam\",\"isPartOf\":{\"@id\":\"https:\/\/spielwiese-werbetechnik.net\/#website\"},\"primaryImageOfPage\":{\"@id\":\"https:\/\/spielwiese-werbetechnik.net\/index.php\/spanntuch\/#primaryimage\"},\"image\":{\"@id\":\"https:\/\/spielwiese-werbetechnik.net\/index.php\/spanntuch\/#primaryimage\"},\"thumbnailUrl\":\"https:\/\/spielwiese-werbetechnik.net\/wp-content\/uploads\/2023\/02\/spanntuch-buero-1024x768.jpg\",\"datePublished\":\"2023-02-09T07:43:17+00:00\",\"dateModified\":\"2023-03-03T07:29:27+00:00\",\"description\":\"Rei\u00df- und wetterfestes Gewebe gespannt auf versch. Formen.Qualitativ hochwertige Ausf\u00fchrung in Aluminium Naturfarbe nach RAL +21,00 EUR umlauf.\/meter. Fast jede Form und Gr\u00f6\u00dfe realisierbar. Ein- wie beidseitig bespannbar! Beschriftet oder unbeschriftet f\u00fcr Innen- und Au\u00dfenbereich.\",\"breadcrumb\":{\"@id\":\"https:\/\/spielwiese-werbetechnik.net\/index.php\/spanntuch\/#breadcrumb\"},\"inLanguage\":\"de\",\"potentialAction\":[{\"@type\":\"ReadAction\",\"target\":[\"https:\/\/spielwiese-werbetechnik.net\/index.php\/spanntuch\/\"]}]},{\"@type\":\"ImageObject\",\"inLanguage\":\"de\",\"@id\":\"https:\/\/spielwiese-werbetechnik.net\/index.php\/spanntuch\/#primaryimage\",\"url\":\"https:\/\/spielwiese-werbetechnik.net\/wp-content\/uploads\/2023\/02\/spanntuch-buero.jpg\",\"contentUrl\":\"https:\/\/spielwiese-werbetechnik.net\/wp-content\/uploads\/2023\/02\/spanntuch-buero.jpg\",\"width\":1600,\"height\":1200},{\"@type\":\"BreadcrumbList\",\"@id\":\"https:\/\/spielwiese-werbetechnik.net\/index.php\/spanntuch\/#breadcrumb\",\"itemListElement\":[{\"@type\":\"ListItem\",\"position\":1,\"name\":\"Startseite\",\"item\":\"https:\/\/spielwiese-werbetechnik.net\/\"},{\"@type\":\"ListItem\",\"position\":2,\"name\":\"Spanntuch\"}]},{\"@type\":\"WebSite\",\"@id\":\"https:\/\/spielwiese-werbetechnik.net\/#website\",\"url\":\"https:\/\/spielwiese-werbetechnik.net\/\",\"name\":\"Hoffschmidt Werbeteam\",\"description\":\"sichtbar bessere Werbung!\",\"potentialAction\":[{\"@type\":\"SearchAction\",\"target\":{\"@type\":\"EntryPoint\",\"urlTemplate\":\"https:\/\/spielwiese-werbetechnik.net\/?s={search_term_string}\"},\"query-input\":{\"@type\":\"PropertyValueSpecification\",\"valueRequired\":true,\"valueName\":\"search_term_string\"}}],\"inLanguage\":\"de\"}]}<\/script>\n<!-- \/ Yoast SEO plugin. -->","yoast_head_json":{"title":"Spanntuch - Hoffschmidt Werbeteam","description":"Rei\u00df- und wetterfestes Gewebe gespannt auf versch. Formen.Qualitativ hochwertige Ausf\u00fchrung in Aluminium Naturfarbe nach RAL +21,00 EUR umlauf.\/meter. Fast jede Form und Gr\u00f6\u00dfe realisierbar. Ein- wie beidseitig bespannbar! Beschriftet oder unbeschriftet f\u00fcr Innen- und Au\u00dfenbereich.","robots":{"index":"noindex","follow":"follow","max-snippet":"max-snippet:-1","max-image-preview":"max-image-preview:large","max-video-preview":"max-video-preview:-1"},"og_locale":"de_DE","og_type":"article","og_title":"Spanntuch - Hoffschmidt Werbeteam","og_description":"Rei\u00df- und wetterfestes Gewebe gespannt auf versch. Formen.Qualitativ hochwertige Ausf\u00fchrung in Aluminium Naturfarbe nach RAL +21,00 EUR umlauf.\/meter. Fast jede Form und Gr\u00f6\u00dfe realisierbar. Ein- wie beidseitig bespannbar! Beschriftet oder unbeschriftet f\u00fcr Innen- und Au\u00dfenbereich.","og_url":"https:\/\/spielwiese-werbetechnik.net\/index.php\/spanntuch\/","og_site_name":"Hoffschmidt Werbeteam","article_publisher":"https:\/\/www.facebook.com\/people\/Hoffschmidt-Werbeteam","article_modified_time":"2023-03-03T07:29:27+00:00","og_image":[{"url":"https:\/\/spielwiese-werbetechnik.net\/wp-content\/uploads\/2023\/02\/spanntuch-buero-1024x768.jpg","type":"","width":"","height":""}],"twitter_card":"summary_large_image","twitter_misc":{"Gesch\u00e4tzte Lesezeit":"1\u00a0Minute"},"schema":{"@context":"https:\/\/schema.org","@graph":[{"@type":"WebPage","@id":"https:\/\/spielwiese-werbetechnik.net\/index.php\/spanntuch\/","url":"https:\/\/spielwiese-werbetechnik.net\/index.php\/spanntuch\/","name":"Spanntuch - Hoffschmidt Werbeteam","isPartOf":{"@id":"https:\/\/spielwiese-werbetechnik.net\/#website"},"primaryImageOfPage":{"@id":"https:\/\/spielwiese-werbetechnik.net\/index.php\/spanntuch\/#primaryimage"},"image":{"@id":"https:\/\/spielwiese-werbetechnik.net\/index.php\/spanntuch\/#primaryimage"},"thumbnailUrl":"https:\/\/spielwiese-werbetechnik.net\/wp-content\/uploads\/2023\/02\/spanntuch-buero-1024x768.jpg","datePublished":"2023-02-09T07:43:17+00:00","dateModified":"2023-03-03T07:29:27+00:00","description":"Rei\u00df- und wetterfestes Gewebe gespannt auf versch. Formen.Qualitativ hochwertige Ausf\u00fchrung in Aluminium Naturfarbe nach RAL +21,00 EUR umlauf.\/meter. Fast jede Form und Gr\u00f6\u00dfe realisierbar. Ein- wie beidseitig bespannbar! Beschriftet oder unbeschriftet f\u00fcr Innen- und Au\u00dfenbereich.","breadcrumb":{"@id":"https:\/\/spielwiese-werbetechnik.net\/index.php\/spanntuch\/#breadcrumb"},"inLanguage":"de","potentialAction":[{"@type":"ReadAction","target":["https:\/\/spielwiese-werbetechnik.net\/index.php\/spanntuch\/"]}]},{"@type":"ImageObject","inLanguage":"de","@id":"https:\/\/spielwiese-werbetechnik.net\/index.php\/spanntuch\/#primaryimage","url":"https:\/\/spielwiese-werbetechnik.net\/wp-content\/uploads\/2023\/02\/spanntuch-buero.jpg","contentUrl":"https:\/\/spielwiese-werbetechnik.net\/wp-content\/uploads\/2023\/02\/spanntuch-buero.jpg","width":1600,"height":1200},{"@type":"BreadcrumbList","@id":"https:\/\/spielwiese-werbetechnik.net\/index.php\/spanntuch\/#breadcrumb","itemListElement":[{"@type":"ListItem","position":1,"name":"Startseite","item":"https:\/\/spielwiese-werbetechnik.net\/"},{"@type":"ListItem","position":2,"name":"Spanntuch"}]},{"@type":"WebSite","@id":"https:\/\/spielwiese-werbetechnik.net\/#website","url":"https:\/\/spielwiese-werbetechnik.net\/","name":"Hoffschmidt Werbeteam","description":"sichtbar bessere Werbung!","potentialAction":[{"@type":"SearchAction","target":{"@type":"EntryPoint","urlTemplate":"https:\/\/spielwiese-werbetechnik.net\/?s={search_term_string}"},"query-input":{"@type":"PropertyValueSpecification","valueRequired":true,"valueName":"search_term_string"}}],"inLanguage":"de"}]}},"_links":{"self":[{"href":"https:\/\/spielwiese-werbetechnik.net\/index.php\/wp-json\/wp\/v2\/pages\/132","targetHints":{"allow":["GET"]}}],"collection":[{"href":"https:\/\/spielwiese-werbetechnik.net\/index.php\/wp-json\/wp\/v2\/pages"}],"about":[{"href":"https:\/\/spielwiese-werbetechnik.net\/index.php\/wp-json\/wp\/v2\/types\/page"}],"author":[{"embeddable":true,"href":"https:\/\/spielwiese-werbetechnik.net\/index.php\/wp-json\/wp\/v2\/users\/2"}],"replies":[{"embeddable":true,"href":"https:\/\/spielwiese-werbetechnik.net\/index.php\/wp-json\/wp\/v2\/comments?post=132"}],"version-history":[{"count":10,"href":"https:\/\/spielwiese-werbetechnik.net\/index.php\/wp-json\/wp\/v2\/pages\/132\/revisions"}],"predecessor-version":[{"id":1247,"href":"https:\/\/spielwiese-werbetechnik.net\/index.php\/wp-json\/wp\/v2\/pages\/132\/revisions\/1247"}],"wp:attachment":[{"href":"https:\/\/spielwiese-werbetechnik.net\/index.php\/wp-json\/wp\/v2\/media?parent=132"}],"curies":[{"name":"wp","href":"https:\/\/api.w.org\/{rel}","templated":true}]}}