{"id":306,"date":"2023-02-09T09:23:49","date_gmt":"2023-02-09T09:23:49","guid":{"rendered":"https:\/\/spielwiese-werbetechnik.net\/?page_id=306"},"modified":"2023-03-03T07:52:21","modified_gmt":"2023-03-03T07:52:21","slug":"wallon","status":"publish","type":"page","link":"https:\/\/spielwiese-werbetechnik.net\/index.php\/wallon\/","title":{"rendered":"WallOn"},"content":{"rendered":"\n<div id=\"wp-block-themeisle-blocks-advanced-columns-a2946a77\" class=\"wp-block-themeisle-blocks-advanced-columns alignfull has-2-columns has-desktop-equal-layout has-tablet-equal-layout has-mobile-collapsedRows-layout has-vertical-center ticss-a2946a77 has-dark-bg coblocks-animate\" data-coblocks-animation=\"slideInBottom\"><div class=\"wp-block-themeisle-blocks-advanced-columns-overlay\"><\/div><div class=\"innerblocks-wrap\">\n<div id=\"wp-block-themeisle-blocks-advanced-column-bbddf55b\" class=\"wp-block-themeisle-blocks-advanced-column\"><div class=\"wp-block-image\">\n<figure class=\"aligncenter size-large\"><img loading=\"lazy\" decoding=\"async\" width=\"1024\" height=\"551\" src=\"https:\/\/spielwiese-werbetechnik.net\/wp-content\/uploads\/2023\/03\/WallOn-1024x551.png\" alt=\"Banner-Wandhalterung aus Edelstahl.\nPasst optisch perfekt zum\u00a0WallOut. Banner ist mit Hohlsaum unten und oben versehen.\" class=\"wp-image-1189\" srcset=\"https:\/\/spielwiese-werbetechnik.net\/wp-content\/uploads\/2023\/03\/WallOn-1024x551.png 1024w, https:\/\/spielwiese-werbetechnik.net\/wp-content\/uploads\/2023\/03\/WallOn-300x161.png 300w, https:\/\/spielwiese-werbetechnik.net\/wp-content\/uploads\/2023\/03\/WallOn-768x413.png 768w, https:\/\/spielwiese-werbetechnik.net\/wp-content\/uploads\/2023\/03\/WallOn-1536x826.png 1536w, https:\/\/spielwiese-werbetechnik.net\/wp-content\/uploads\/2023\/03\/WallOn.png 1692w\" sizes=\"auto, (max-width: 1024px) 100vw, 1024px\" \/><\/figure>\n<\/div><\/div>\n\n\n\n<div id=\"wp-block-themeisle-blocks-advanced-column-92b2db05\" class=\"wp-block-themeisle-blocks-advanced-column\">\n<p id=\"wp-block-themeisle-blocks-advanced-heading-82f63cc5\" class=\"wp-block-themeisle-blocks-advanced-heading wp-block-themeisle-blocks-advanced-heading-82f63cc5\"><strong>Wall-On Banner sind einseitig wirkend<\/strong><\/p>\n\n\n\n<h2 id=\"wp-block-themeisle-blocks-advanced-heading-8f1f2647\" class=\"wp-block-themeisle-blocks-advanced-heading wp-block-themeisle-blocks-advanced-heading-8f1f2647\">Banner-Wandhalterung aus Edelstahl.<\/h2>\n\n\n\n<p class=\"has-white-color has-text-color\">Passt optisch perfekt zum&nbsp;<a href=\"http:\/\/www.werbetechnik.sp-kunde.de\/montagesysteme\/wallout\/\">WallOut<\/a>. Banner ist mit Hohlsaum unten und oben versehen.<br>In Konfektion A, B und C erh\u00e4ltlich.<br>Konfektion A: L\u00e4ngskanten umschwei\u00dft alle 500 mm Messing\u00f6sen<br>Konfektion B: Langskanten umschwei\u00dft, oben Hohlsaum f\u00fcr Ger\u00fcststange max. 30 mm, unten alle 500 mm Messing\u00f6sen<br>Konfektion C: Oben und unten Hohlsaum f\u00fcr Ger\u00fcststange max. 30 mm Messing\u00f6sen in den Ecken<\/p>\n<\/div>\n<\/div><\/div>\n\n\n\n<div style=\"height:30px\" aria-hidden=\"true\" class=\"wp-block-spacer\"><\/div>\n\n\n\n<div class=\"wp-block-columns coblocks-animate is-layout-flex wp-container-core-columns-is-layout-9d6595d7 wp-block-columns-is-layout-flex\" data-coblocks-animation=\"slideInBottom\">\n<div class=\"wp-block-column is-layout-flow wp-block-column-is-layout-flow\">\n<p class=\"has-text-align-center has-large-font-size has-custom-weight\" style=\"font-weight:bold\">Preis\u00fcbersicht<\/p>\n\n\n\n<table id=\"tablepress-24\" class=\"tablepress tablepress-id-24\">\n<tbody class=\"row-striping row-hover\">\n<tr class=\"row-1\">\n\t<td class=\"column-1\"><strong>Format<\/strong><\/td><td class=\"column-2\"><strong>Preis pro Stk.<\/strong><\/td><td class=\"column-3\"><strong>Preis pro Stk. ab 3 Stk.<\/strong><\/td>\n<\/tr>\n<tr class=\"row-2\">\n\t<td class=\"column-1\"><strong>1500 x 800 mm<\/strong><\/td><td class=\"column-2\">35,32\u00a0\u20ac<\/td><td class=\"column-3\">31,79\u00a0\u20ac<\/td>\n<\/tr>\n<tr class=\"row-3\">\n\t<td class=\"column-1\"><strong>2000\u00a0x 800 mm<\/strong><\/td><td class=\"column-2\">47,10\u00a0\u20ac<\/td><td class=\"column-3\">42,39\u00a0\u20ac<\/td>\n<\/tr>\n<tr class=\"row-4\">\n\t<td class=\"column-1\"><strong>2000 x 1000 mm<\/strong><\/td><td class=\"column-2\">58,87\u00a0\u20ac<\/td><td class=\"column-3\">52,98\u00a0\u20ac<\/td>\n<\/tr>\n<tr class=\"row-5\">\n\t<td class=\"column-1\"><strong>3000\u00a0x 1000 mm<\/strong><\/td><td class=\"column-2\">88,31\u00a0\u20ac<\/td><td class=\"column-3\">79,47\u00a0\u20ac<\/td>\n<\/tr>\n<tr class=\"row-6\">\n\t<td class=\"column-1\"><strong>4000\u00a0x 1000 mm<\/strong><\/td><td class=\"column-2\">117,74\u00a0\u20ac<\/td><td class=\"column-3\">105,97\u00a0\u20ac<\/td>\n<\/tr>\n<tr class=\"row-7\">\n\t<td class=\"column-1\"><strong>2000 x 1200 mm<\/strong><\/td><td class=\"column-2\">70,64\u00a0\u20ac<\/td><td class=\"column-3\">63,58\u00a0\u20ac<\/td>\n<\/tr>\n<tr class=\"row-8\">\n\t<td class=\"column-1\"><strong>3000 x 1200 mm<\/strong><\/td><td class=\"column-2\">106,58\u00a0\u20ac<\/td><td class=\"column-3\">95,92\u00a0\u20ac<\/td>\n<\/tr>\n<tr class=\"row-9\">\n\t<td class=\"column-1\"><strong>4000 x 1200 mm<\/strong><\/td><td class=\"column-2\">141,09\u00a0\u20ac<\/td><td class=\"column-3\">126,98\u00a0\u20ac<\/td>\n<\/tr>\n<tr class=\"row-10\">\n\t<td class=\"column-1\"><strong>2500 x 2500 mm<\/strong><\/td><td class=\"column-2\">187,78\u00a0\u20ac<\/td><td class=\"column-3\">169,00\u00a0\u20ac<\/td>\n<\/tr>\n<tr class=\"row-11\">\n\t<td class=\"column-1\"><strong>3000 x 2500 mm<\/strong><\/td><td class=\"column-2\">221,27\u00a0\u20ac<\/td><td class=\"column-3\">199,14\u00a0\u20ac<\/td>\n<\/tr>\n<tr class=\"row-12\">\n\t<td class=\"column-1\">Zugeh\u00f6rige, einseitig bedruckte Banner, fertig konfektioniert.<br \/>\n29,- \u20ac\/lfm<\/td><td class=\"column-2\"><\/td><td class=\"column-3\"><\/td>\n<\/tr>\n<tr class=\"row-13\">\n\t<td class=\"column-1\"><strong>Art. Nr.<\/strong><\/td><td class=\"column-2\"><strong>Beschreibung<\/strong><\/td><td class=\"column-3\"><strong>Preis<\/strong><\/td>\n<\/tr>\n<tr class=\"row-14\">\n\t<td class=\"column-1\"><strong>46010<\/strong><\/td><td class=\"column-2\">Eckelement 4 Stck.<\/td><td class=\"column-3\">359,00\u00a0\u20ac<\/td>\n<\/tr>\n<tr class=\"row-15\">\n\t<td class=\"column-1\"><strong>46020<\/strong><\/td><td class=\"column-2\">V2ARohr 2 x 2200 mm<\/td><td class=\"column-3\">180,00\u00a0\u20ac<\/td>\n<\/tr>\n<tr class=\"row-16\">\n\t<td class=\"column-1\"><strong>46030<\/strong><\/td><td class=\"column-2\">V2ARohr 2 x 3200 mm<\/td><td class=\"column-3\">249,00\u00a0\u20ac<\/td>\n<\/tr>\n<tr class=\"row-17\">\n\t<td class=\"column-1\"><strong>46040<\/strong><\/td><td class=\"column-2\">V2ARohr 2 x 4200 mm<\/td><td class=\"column-3\">342,00\u00a0\u20ac<\/td>\n<\/tr>\n<tr class=\"row-18\">\n\t<td class=\"column-1\"><\/td><td class=\"column-2\"><\/td><td class=\"column-3\"><\/td>\n<\/tr>\n<\/tbody>\n<\/table>\n<!-- #tablepress-24 from cache -->\n\n\n<p class=\"has-text-align-center has-small-font-size\">Preise ab 1 qm inkl. Druck und Konfektionierung&nbsp;zzgl. <br>Daten\u00fcbernahmepauschale von 28,00 \u20ac\/Motiv. <br>Bei h\u00f6heren St\u00fcckzahlen sind die Preise nochmals g\u00fcnstiger. Bitte fragen Sie an!<\/p>\n<\/div>\n<\/div>\n","protected":false},"excerpt":{"rendered":"<p>Preis\u00fcbersicht Preise ab 1 qm inkl. Druck und Konfektionierung&nbsp;zzgl. Daten\u00fcbernahmepauschale von 28,00 \u20ac\/Motiv. Bei h\u00f6heren St\u00fcckzahlen sind die Preise nochmals g\u00fcnstiger. Bitte fragen Sie an!<\/p>\n","protected":false},"author":2,"featured_media":0,"parent":0,"menu_order":0,"comment_status":"closed","ping_status":"closed","template":"","meta":{"_coblocks_attr":"","_coblocks_dimensions":"","_coblocks_responsive_height":"","_coblocks_accordion_ie_support":"","_eb_attr":"","neve_meta_sidebar":"","neve_meta_container":"","neve_meta_enable_content_width":"","neve_meta_content_width":0,"neve_meta_title_alignment":"","neve_meta_author_avatar":"","neve_post_elements_order":"","neve_meta_disable_header":"","neve_meta_disable_footer":"","neve_meta_disable_title":"","_themeisle_gutenberg_block_has_review":false,"footnotes":""},"class_list":["post-306","page","type-page","status-publish","hentry"],"yoast_head":"<!-- This site is optimized with the Yoast SEO plugin v26.9 - https:\/\/yoast.com\/product\/yoast-seo-wordpress\/ -->\n<title>WallOn - Hoffschmidt Werbeteam<\/title>\n<meta name=\"description\" content=\"Banner-Wandhalterung aus Edelstahl. Passt optisch perfekt zum\u00a0WallOut. Banner ist mit Hohlsaum unten und oben versehen.\" \/>\n<meta name=\"robots\" content=\"noindex, follow, max-snippet:-1, max-image-preview:large, max-video-preview:-1\" \/>\n<meta property=\"og:locale\" content=\"de_DE\" \/>\n<meta property=\"og:type\" content=\"article\" \/>\n<meta property=\"og:title\" content=\"WallOn - Hoffschmidt Werbeteam\" \/>\n<meta property=\"og:description\" content=\"Banner-Wandhalterung aus Edelstahl. Passt optisch perfekt zum\u00a0WallOut. Banner ist mit Hohlsaum unten und oben versehen.\" \/>\n<meta property=\"og:url\" content=\"https:\/\/spielwiese-werbetechnik.net\/index.php\/wallon\/\" \/>\n<meta property=\"og:site_name\" content=\"Hoffschmidt Werbeteam\" \/>\n<meta property=\"article:publisher\" content=\"https:\/\/www.facebook.com\/people\/Hoffschmidt-Werbeteam\" \/>\n<meta property=\"article:modified_time\" content=\"2023-03-03T07:52:21+00:00\" \/>\n<meta property=\"og:image\" content=\"https:\/\/spielwiese-werbetechnik.net\/wp-content\/uploads\/2023\/03\/WallOn-1024x551.png\" \/>\n<meta name=\"twitter:card\" content=\"summary_large_image\" \/>\n<meta name=\"twitter:label1\" content=\"Gesch\u00e4tzte Lesezeit\" \/>\n\t<meta name=\"twitter:data1\" content=\"1\u00a0Minute\" \/>\n<script type=\"application\/ld+json\" class=\"yoast-schema-graph\">{\"@context\":\"https:\/\/schema.org\",\"@graph\":[{\"@type\":\"WebPage\",\"@id\":\"https:\/\/spielwiese-werbetechnik.net\/index.php\/wallon\/\",\"url\":\"https:\/\/spielwiese-werbetechnik.net\/index.php\/wallon\/\",\"name\":\"WallOn - Hoffschmidt Werbeteam\",\"isPartOf\":{\"@id\":\"https:\/\/spielwiese-werbetechnik.net\/#website\"},\"primaryImageOfPage\":{\"@id\":\"https:\/\/spielwiese-werbetechnik.net\/index.php\/wallon\/#primaryimage\"},\"image\":{\"@id\":\"https:\/\/spielwiese-werbetechnik.net\/index.php\/wallon\/#primaryimage\"},\"thumbnailUrl\":\"https:\/\/spielwiese-werbetechnik.net\/wp-content\/uploads\/2023\/03\/WallOn-1024x551.png\",\"datePublished\":\"2023-02-09T09:23:49+00:00\",\"dateModified\":\"2023-03-03T07:52:21+00:00\",\"description\":\"Banner-Wandhalterung aus Edelstahl. Passt optisch perfekt zum\u00a0WallOut. Banner ist mit Hohlsaum unten und oben versehen.\",\"breadcrumb\":{\"@id\":\"https:\/\/spielwiese-werbetechnik.net\/index.php\/wallon\/#breadcrumb\"},\"inLanguage\":\"de\",\"potentialAction\":[{\"@type\":\"ReadAction\",\"target\":[\"https:\/\/spielwiese-werbetechnik.net\/index.php\/wallon\/\"]}]},{\"@type\":\"ImageObject\",\"inLanguage\":\"de\",\"@id\":\"https:\/\/spielwiese-werbetechnik.net\/index.php\/wallon\/#primaryimage\",\"url\":\"https:\/\/spielwiese-werbetechnik.net\/wp-content\/uploads\/2023\/03\/WallOn.png\",\"contentUrl\":\"https:\/\/spielwiese-werbetechnik.net\/wp-content\/uploads\/2023\/03\/WallOn.png\",\"width\":1692,\"height\":910},{\"@type\":\"BreadcrumbList\",\"@id\":\"https:\/\/spielwiese-werbetechnik.net\/index.php\/wallon\/#breadcrumb\",\"itemListElement\":[{\"@type\":\"ListItem\",\"position\":1,\"name\":\"Startseite\",\"item\":\"https:\/\/spielwiese-werbetechnik.net\/\"},{\"@type\":\"ListItem\",\"position\":2,\"name\":\"WallOn\"}]},{\"@type\":\"WebSite\",\"@id\":\"https:\/\/spielwiese-werbetechnik.net\/#website\",\"url\":\"https:\/\/spielwiese-werbetechnik.net\/\",\"name\":\"Hoffschmidt Werbeteam\",\"description\":\"sichtbar bessere Werbung!\",\"potentialAction\":[{\"@type\":\"SearchAction\",\"target\":{\"@type\":\"EntryPoint\",\"urlTemplate\":\"https:\/\/spielwiese-werbetechnik.net\/?s={search_term_string}\"},\"query-input\":{\"@type\":\"PropertyValueSpecification\",\"valueRequired\":true,\"valueName\":\"search_term_string\"}}],\"inLanguage\":\"de\"}]}<\/script>\n<!-- \/ Yoast SEO plugin. -->","yoast_head_json":{"title":"WallOn - Hoffschmidt Werbeteam","description":"Banner-Wandhalterung aus Edelstahl. Passt optisch perfekt zum\u00a0WallOut. Banner ist mit Hohlsaum unten und oben versehen.","robots":{"index":"noindex","follow":"follow","max-snippet":"max-snippet:-1","max-image-preview":"max-image-preview:large","max-video-preview":"max-video-preview:-1"},"og_locale":"de_DE","og_type":"article","og_title":"WallOn - Hoffschmidt Werbeteam","og_description":"Banner-Wandhalterung aus Edelstahl. Passt optisch perfekt zum\u00a0WallOut. Banner ist mit Hohlsaum unten und oben versehen.","og_url":"https:\/\/spielwiese-werbetechnik.net\/index.php\/wallon\/","og_site_name":"Hoffschmidt Werbeteam","article_publisher":"https:\/\/www.facebook.com\/people\/Hoffschmidt-Werbeteam","article_modified_time":"2023-03-03T07:52:21+00:00","og_image":[{"url":"https:\/\/spielwiese-werbetechnik.net\/wp-content\/uploads\/2023\/03\/WallOn-1024x551.png","type":"","width":"","height":""}],"twitter_card":"summary_large_image","twitter_misc":{"Gesch\u00e4tzte Lesezeit":"1\u00a0Minute"},"schema":{"@context":"https:\/\/schema.org","@graph":[{"@type":"WebPage","@id":"https:\/\/spielwiese-werbetechnik.net\/index.php\/wallon\/","url":"https:\/\/spielwiese-werbetechnik.net\/index.php\/wallon\/","name":"WallOn - Hoffschmidt Werbeteam","isPartOf":{"@id":"https:\/\/spielwiese-werbetechnik.net\/#website"},"primaryImageOfPage":{"@id":"https:\/\/spielwiese-werbetechnik.net\/index.php\/wallon\/#primaryimage"},"image":{"@id":"https:\/\/spielwiese-werbetechnik.net\/index.php\/wallon\/#primaryimage"},"thumbnailUrl":"https:\/\/spielwiese-werbetechnik.net\/wp-content\/uploads\/2023\/03\/WallOn-1024x551.png","datePublished":"2023-02-09T09:23:49+00:00","dateModified":"2023-03-03T07:52:21+00:00","description":"Banner-Wandhalterung aus Edelstahl. Passt optisch perfekt zum\u00a0WallOut. Banner ist mit Hohlsaum unten und oben versehen.","breadcrumb":{"@id":"https:\/\/spielwiese-werbetechnik.net\/index.php\/wallon\/#breadcrumb"},"inLanguage":"de","potentialAction":[{"@type":"ReadAction","target":["https:\/\/spielwiese-werbetechnik.net\/index.php\/wallon\/"]}]},{"@type":"ImageObject","inLanguage":"de","@id":"https:\/\/spielwiese-werbetechnik.net\/index.php\/wallon\/#primaryimage","url":"https:\/\/spielwiese-werbetechnik.net\/wp-content\/uploads\/2023\/03\/WallOn.png","contentUrl":"https:\/\/spielwiese-werbetechnik.net\/wp-content\/uploads\/2023\/03\/WallOn.png","width":1692,"height":910},{"@type":"BreadcrumbList","@id":"https:\/\/spielwiese-werbetechnik.net\/index.php\/wallon\/#breadcrumb","itemListElement":[{"@type":"ListItem","position":1,"name":"Startseite","item":"https:\/\/spielwiese-werbetechnik.net\/"},{"@type":"ListItem","position":2,"name":"WallOn"}]},{"@type":"WebSite","@id":"https:\/\/spielwiese-werbetechnik.net\/#website","url":"https:\/\/spielwiese-werbetechnik.net\/","name":"Hoffschmidt Werbeteam","description":"sichtbar bessere Werbung!","potentialAction":[{"@type":"SearchAction","target":{"@type":"EntryPoint","urlTemplate":"https:\/\/spielwiese-werbetechnik.net\/?s={search_term_string}"},"query-input":{"@type":"PropertyValueSpecification","valueRequired":true,"valueName":"search_term_string"}}],"inLanguage":"de"}]}},"_links":{"self":[{"href":"https:\/\/spielwiese-werbetechnik.net\/index.php\/wp-json\/wp\/v2\/pages\/306","targetHints":{"allow":["GET"]}}],"collection":[{"href":"https:\/\/spielwiese-werbetechnik.net\/index.php\/wp-json\/wp\/v2\/pages"}],"about":[{"href":"https:\/\/spielwiese-werbetechnik.net\/index.php\/wp-json\/wp\/v2\/types\/page"}],"author":[{"embeddable":true,"href":"https:\/\/spielwiese-werbetechnik.net\/index.php\/wp-json\/wp\/v2\/users\/2"}],"replies":[{"embeddable":true,"href":"https:\/\/spielwiese-werbetechnik.net\/index.php\/wp-json\/wp\/v2\/comments?post=306"}],"version-history":[{"count":5,"href":"https:\/\/spielwiese-werbetechnik.net\/index.php\/wp-json\/wp\/v2\/pages\/306\/revisions"}],"predecessor-version":[{"id":1275,"href":"https:\/\/spielwiese-werbetechnik.net\/index.php\/wp-json\/wp\/v2\/pages\/306\/revisions\/1275"}],"wp:attachment":[{"href":"https:\/\/spielwiese-werbetechnik.net\/index.php\/wp-json\/wp\/v2\/media?parent=306"}],"curies":[{"name":"wp","href":"https:\/\/api.w.org\/{rel}","templated":true}]}}