{"id":311,"date":"2023-02-09T09:24:15","date_gmt":"2023-02-09T09:24:15","guid":{"rendered":"https:\/\/spielwiese-werbetechnik.net\/?page_id=311"},"modified":"2023-03-06T13:37:58","modified_gmt":"2023-03-06T13:37:58","slug":"fahnen-masten","status":"publish","type":"page","link":"https:\/\/spielwiese-werbetechnik.net\/index.php\/fahnen-masten\/","title":{"rendered":"Fahnen &#038; Masten"},"content":{"rendered":"\n<div id=\"wp-block-themeisle-blocks-advanced-columns-a2946a77\" class=\"wp-block-themeisle-blocks-advanced-columns alignfull has-2-columns has-desktop-equal-layout has-tablet-equal-layout has-mobile-collapsedRows-layout has-vertical-center ticss-a2946a77 has-dark-bg coblocks-animate\" data-coblocks-animation=\"slideInBottom\"><div class=\"wp-block-themeisle-blocks-advanced-columns-overlay\"><\/div><div class=\"innerblocks-wrap\">\n<div id=\"wp-block-themeisle-blocks-advanced-column-bbddf55b\" class=\"wp-block-themeisle-blocks-advanced-column\"><div class=\"wp-block-image is-style-default\">\n<figure class=\"aligncenter size-large is-resized\"><img loading=\"lazy\" decoding=\"async\" src=\"https:\/\/spielwiese-werbetechnik.net\/wp-content\/uploads\/2023\/03\/Flagge-345x1024.png\" alt=\"Sch\u00f6nste Werbeflaggen\u00a0bietet Ihnen Hoffschmidt's Werbeteam. \nFahnen sind in verschiedenen Standard-Konfektionstypen erh\u00e4ltlich.\" class=\"wp-image-1089\" width=\"207\" height=\"614\" srcset=\"https:\/\/spielwiese-werbetechnik.net\/wp-content\/uploads\/2023\/03\/Flagge-345x1024.png 345w, https:\/\/spielwiese-werbetechnik.net\/wp-content\/uploads\/2023\/03\/Flagge-101x300.png 101w, https:\/\/spielwiese-werbetechnik.net\/wp-content\/uploads\/2023\/03\/Flagge-768x2278.png 768w, https:\/\/spielwiese-werbetechnik.net\/wp-content\/uploads\/2023\/03\/Flagge-518x1536.png 518w, https:\/\/spielwiese-werbetechnik.net\/wp-content\/uploads\/2023\/03\/Flagge-690x2048.png 690w, https:\/\/spielwiese-werbetechnik.net\/wp-content\/uploads\/2023\/03\/Flagge.png 1031w\" sizes=\"auto, (max-width: 207px) 100vw, 207px\" \/><\/figure>\n<\/div><\/div>\n\n\n\n<div id=\"wp-block-themeisle-blocks-advanced-column-92b2db05\" class=\"wp-block-themeisle-blocks-advanced-column\">\n<h2 id=\"wp-block-themeisle-blocks-advanced-heading-8f1f2647\" class=\"wp-block-themeisle-blocks-advanced-heading wp-block-themeisle-blocks-advanced-heading-8f1f2647\">Fahnen und Masten<\/h2>\n\n\n\n<p class=\"has-white-color has-text-color\">Sch\u00f6nste Werbeflaggen&nbsp;bietet Ihnen Hoffschmidt&#8217;s Werbeteam. <br>Fahnen sind in verschiedenen Standard-Konfektionstypen erh\u00e4ltlich.<\/p>\n<\/div>\n<\/div><\/div>\n\n\n\n<div style=\"height:30px\" aria-hidden=\"true\" class=\"wp-block-spacer\"><\/div>\n\n\n\n<div class=\"wp-block-columns coblocks-animate is-layout-flex wp-container-core-columns-is-layout-9d6595d7 wp-block-columns-is-layout-flex\" data-coblocks-animation=\"slideInBottom\">\n<div class=\"wp-block-column is-layout-flow wp-block-column-is-layout-flow\">\n<p class=\"has-text-align-center has-x-large-font-size has-custom-weight\" style=\"font-weight:bold\">Preis\u00fcbersicht<\/p>\n\n\n\n<p class=\"has-text-align-center has-small-font-size\">Preise ab 1 qm inkl. Druck und Konfektionierung zzgl. Daten\u00fcbernahmepauschale von 28,00 \u20ac \/ Motiv. <br>Bei h\u00f6hreren St\u00fcckzahlen sind die Preise nochmals g\u00fcnstiger. Bitte fragen Sie an!<\/p>\n\n\n\n<p class=\"has-text-align-center has-medium-font-size has-custom-weight\" style=\"font-weight:bold\">Digitaldruck-Flaggen, Inkl. Konfektion<\/p>\n\n\n\n<table id=\"tablepress-25\" class=\"tablepress tablepress-id-25\">\n<tbody class=\"row-striping row-hover\">\n<tr class=\"row-1\">\n\t<td class=\"column-1\"><strong>Ma\u00dfe H\u00f6he x Breite<\/strong><\/td><td class=\"column-2\"><strong>Hoch-\/Querformat<\/strong><\/td><td class=\"column-3\"><strong>1 St\u00fcck<\/strong><\/td><td class=\"column-4\"><strong>3 St\u00fcck<\/strong><\/td><td class=\"column-5\"><strong>5 St\u00fcck<\/strong><\/td><td class=\"column-6\"><strong>10 St\u00fcck<\/strong><\/td><td class=\"column-7\"><strong>15 St\u00fcck<\/strong><\/td><td class=\"column-8\"><strong>20 St\u00fcck<\/strong><\/td>\n<\/tr>\n<tr class=\"row-2\">\n\t<td class=\"column-1\"><strong>1200 x 3000 mm<\/strong><\/td><td class=\"column-2\">Hochformat<\/td><td class=\"column-3\">109,13\u00a0\u20ac<\/td><td class=\"column-4\">96,03\u00a0\u20ac<\/td><td class=\"column-5\">94,09\u00a0\u20ac<\/td><td class=\"column-6\">84,39\u00a0\u20ac<\/td><td class=\"column-7\">78,57\u00a0\u20ac<\/td><td class=\"column-8\">75,66\u00a0\u20ac<\/td>\n<\/tr>\n<tr class=\"row-3\">\n\t<td class=\"column-1\"><strong>1200 x 4000 mm<\/strong><\/td><td class=\"column-2\">Hochformat<\/td><td class=\"column-3\">145,50\u00a0\u20ac<\/td><td class=\"column-4\">122,22\u00a0\u20ac<\/td><td class=\"column-5\">122,22\u00a0\u20ac<\/td><td class=\"column-6\">106,70\u00a0\u20ac<\/td><td class=\"column-7\">99,91\u00a0\u20ac<\/td><td class=\"column-8\">97,00\u00a0\u20ac<\/td>\n<\/tr>\n<tr class=\"row-4\">\n\t<td class=\"column-1\"><strong>1500 x 4000 mm<\/strong><\/td><td class=\"column-2\">Hochformat<\/td><td class=\"column-3\">181,88\u00a0\u20ac<\/td><td class=\"column-4\">153,26\u00a0\u20ac<\/td><td class=\"column-5\">145,50\u00a0\u20ac<\/td><td class=\"column-6\">129,01\u00a0\u20ac<\/td><td class=\"column-7\">119,31\u00a0\u20ac<\/td><td class=\"column-8\">116,40\u00a0\u20ac<\/td>\n<\/tr>\n<tr class=\"row-5\">\n\t<td class=\"column-1\"><strong>1500 x 5000 mm<\/strong><\/td><td class=\"column-2\">Hochformat<\/td><td class=\"column-3\">227,95\u00a0\u20ac<\/td><td class=\"column-4\">192,06\u00a0\u20ac<\/td><td class=\"column-5\">182,36\u00a0\u20ac<\/td><td class=\"column-6\">161,02\u00a0\u20ac<\/td><td class=\"column-7\">149,38\u00a0\u20ac<\/td><td class=\"column-8\">145,50\u00a0\u20ac<\/td>\n<\/tr>\n<tr class=\"row-6\">\n\t<td class=\"column-1\"><strong>1500 x 1000 mm<\/strong><\/td><td class=\"column-2\">Querformat<\/td><td class=\"column-3\">47,29\u00a0\u20ac<\/td><td class=\"column-4\">45,59\u00a0\u20ac<\/td><td class=\"column-5\">42,68\u00a0\u20ac<\/td><td class=\"column-6\">38,80\u00a0\u20ac<\/td><td class=\"column-7\">38,80\u00a0\u20ac<\/td><td class=\"column-8\">36,86\u00a0\u20ac<\/td>\n<\/tr>\n<tr class=\"row-7\">\n\t<td class=\"column-1\"><strong>2500 x 1500 mm<\/strong><\/td><td class=\"column-2\">Querformat<\/td><td class=\"column-3\">112,76\u00a0\u20ac<\/td><td class=\"column-4\">99,91\u00a0\u20ac<\/td><td class=\"column-5\">96,03\u00a0\u20ac<\/td><td class=\"column-6\">87,30\u00a0\u20ac<\/td><td class=\"column-7\">81,48\u00a0\u20ac<\/td><td class=\"column-8\">78,57\u00a0\u20ac<\/td>\n<\/tr>\n<tr class=\"row-8\">\n\t<td class=\"column-1\"><strong>3000 x 1000 mm<\/strong><\/td><td class=\"column-2\">Banner Quer<\/td><td class=\"column-3\">84,39\u00a0\u20ac<\/td><td class=\"column-4\">75,66\u00a0\u20ac<\/td><td class=\"column-5\">71,78\u00a0\u20ac<\/td><td class=\"column-6\">66,93\u00a0\u20ac<\/td><td class=\"column-7\"><\/td><td class=\"column-8\"><\/td>\n<\/tr>\n<tr class=\"row-9\">\n\t<td class=\"column-1\"><strong>4000 x 1000 mm<\/strong><\/td><td class=\"column-2\">Banner Quer<\/td><td class=\"column-3\">112,52\u00a0\u20ac<\/td><td class=\"column-4\">101,85\u00a0\u20ac<\/td><td class=\"column-5\">96,03\u00a0\u20ac<\/td><td class=\"column-6\">89,24\u00a0\u20ac<\/td><td class=\"column-7\"><\/td><td class=\"column-8\"><\/td>\n<\/tr>\n<\/tbody>\n<\/table>\n<!-- #tablepress-25 from cache --><\/div>\n<\/div>\n\n\n\n<div style=\"height:30px\" aria-hidden=\"true\" class=\"wp-block-spacer\"><\/div>\n\n\n\n<div class=\"wp-block-columns coblocks-animate is-layout-flex wp-container-core-columns-is-layout-9d6595d7 wp-block-columns-is-layout-flex\" data-coblocks-animation=\"slideInBottom\">\n<div class=\"wp-block-column is-layout-flow wp-block-column-is-layout-flow\">\n<p class=\"has-text-align-center has-medium-font-size has-custom-weight\" style=\"font-weight:bold\">Siebdruck-Flaggen, Inkl. Konfektion<\/p>\n\n\n\n<table id=\"tablepress-26\" class=\"tablepress tablepress-id-26\">\n<tbody class=\"row-striping row-hover\">\n<tr class=\"row-1\">\n\t<td class=\"column-1\"><strong>Flagge\u00a01200&#215;3000\u00a0Hochformat<\/strong><\/td><td class=\"column-2\"><strong>15 Stk.<\/strong><\/td><td class=\"column-3\"><strong>20 Stk.<\/strong><\/td><td class=\"column-4\"><strong>30\u00a0Stck.<\/strong><\/td><td class=\"column-5\"><strong>50\u00a0Stck.<\/strong><\/td><td class=\"column-6\"><strong>100\u00a0Stck.<\/strong><\/td><td class=\"column-7\"><strong>200\u00a0Stck.<\/strong><\/td>\n<\/tr>\n<tr class=\"row-2\">\n\t<td class=\"column-1\"><strong>1-farbig<\/strong><\/td><td class=\"column-2\">42,68\u00a0\u20ac<\/td><td class=\"column-3\">36,86\u00a0\u20ac<\/td><td class=\"column-4\">28,13\u00a0\u20ac<\/td><td class=\"column-5\">20,37\u00a0\u20ac<\/td><td class=\"column-6\">18,43\u00a0\u20ac<\/td><td class=\"column-7\">15,52\u00a0\u20ac<\/td>\n<\/tr>\n<tr class=\"row-3\">\n\t<td class=\"column-1\"><strong>2-farbig<\/strong><\/td><td class=\"column-2\">50,44\u00a0\u20ac<\/td><td class=\"column-3\">40,74\u00a0\u20ac<\/td><td class=\"column-4\">33,95\u00a0\u20ac<\/td><td class=\"column-5\">26,19\u00a0\u20ac<\/td><td class=\"column-6\">20,37\u00a0\u20ac<\/td><td class=\"column-7\">17,46\u00a0\u20ac<\/td>\n<\/tr>\n<tr class=\"row-4\">\n\t<td class=\"column-1\"><strong>3-farbig<\/strong><\/td><td class=\"column-2\">64,99\u00a0\u20ac<\/td><td class=\"column-3\">47,53\u00a0\u20ac<\/td><td class=\"column-4\">38,80\u00a0\u20ac<\/td><td class=\"column-5\">31,04\u00a0\u20ac<\/td><td class=\"column-6\">24,25\u00a0\u20ac<\/td><td class=\"column-7\">18,43\u00a0\u20ac<\/td>\n<\/tr>\n<tr class=\"row-5\">\n\t<td class=\"column-1\"><strong>4-farbing<\/strong><\/td><td class=\"column-2\">80,51\u00a0\u20ac<\/td><td class=\"column-3\">57,23\u00a0\u20ac<\/td><td class=\"column-4\">46,56\u00a0\u20ac<\/td><td class=\"column-5\">35,89\u00a0\u20ac<\/td><td class=\"column-6\">27,16\u00a0\u20ac<\/td><td class=\"column-7\">20,37\u00a0\u20ac<\/td>\n<\/tr>\n<tr class=\"row-6\">\n\t<td class=\"column-1\"><\/td><td class=\"column-2\"><\/td><td class=\"column-3\"><\/td><td class=\"column-4\"><\/td><td class=\"column-5\"><\/td><td class=\"column-6\"><\/td><td class=\"column-7\"><\/td>\n<\/tr>\n<tr class=\"row-7\">\n\t<td class=\"column-1\"><strong>Flagge\u00a01200&#215;4000\u00a0Hochformat<\/strong><\/td><td class=\"column-2\"><strong>15 St\u00fcck.<\/strong><\/td><td class=\"column-3\"><strong>20\u00a0Stck.<\/strong><\/td><td class=\"column-4\"><strong>30\u00a0Stck.<\/strong><\/td><td class=\"column-5\"><strong>50\u00a0Stck.<\/strong><\/td><td class=\"column-6\"><strong>100\u00a0Stck.<\/strong><\/td><td class=\"column-7\"><strong>200\u00a0Stck.<\/strong><\/td>\n<\/tr>\n<tr class=\"row-8\">\n\t<td class=\"column-1\"><strong>1-farbig<\/strong><\/td><td class=\"column-2\">44,62\u00a0\u20ac<\/td><td class=\"column-3\">38,80\u00a0\u20ac<\/td><td class=\"column-4\">31,04\u00a0\u20ac<\/td><td class=\"column-5\">26,19\u00a0\u20ac<\/td><td class=\"column-6\">23,28\u00a0\u20ac<\/td><td class=\"column-7\">20,37\u00a0\u20ac<\/td>\n<\/tr>\n<tr class=\"row-9\">\n\t<td class=\"column-1\"><strong>2-farbig<\/strong><\/td><td class=\"column-2\">61,11\u00a0\u20ac<\/td><td class=\"column-3\">46,56\u00a0\u20ac<\/td><td class=\"column-4\">39,77\u00a0\u20ac<\/td><td class=\"column-5\">32,01\u00a0\u20ac<\/td><td class=\"column-6\">2619,00\u00a0\u20ac<\/td><td class=\"column-7\">21,34\u00a0\u20ac<\/td>\n<\/tr>\n<tr class=\"row-10\">\n\t<td class=\"column-1\"><strong>3-farbig<\/strong><\/td><td class=\"column-2\">78,57\u00a0\u20ac<\/td><td class=\"column-3\">59,17\u00a0\u20ac<\/td><td class=\"column-4\">47,53\u00a0\u20ac<\/td><td class=\"column-5\">37,83\u00a0\u20ac<\/td><td class=\"column-6\">30,07\u00a0\u20ac<\/td><td class=\"column-7\">24,25\u00a0\u20ac<\/td>\n<\/tr>\n<tr class=\"row-11\">\n\t<td class=\"column-1\"><strong>4-farbig<\/strong><\/td><td class=\"column-2\">96,03\u00a0\u20ac<\/td><td class=\"column-3\">70,81 \u20ac<\/td><td class=\"column-4\">57,23\u00a0\u20ac<\/td><td class=\"column-5\">44,62\u00a0\u20ac<\/td><td class=\"column-6\">32,98\u00a0\u20ac<\/td><td class=\"column-7\">26,19\u00a0\u20ac<\/td>\n<\/tr>\n<tr class=\"row-12\">\n\t<td class=\"column-1\"><\/td><td class=\"column-2\"><\/td><td class=\"column-3\"><\/td><td class=\"column-4\"><\/td><td class=\"column-5\"><\/td><td class=\"column-6\"><\/td><td class=\"column-7\"><\/td>\n<\/tr>\n<tr class=\"row-13\">\n\t<td class=\"column-1\"><strong>Flagge 1500&#215;1000\u00a0Querformat\u00a0<\/strong><\/td><td class=\"column-2\"><strong>15 St\u00fcck.<\/strong><\/td><td class=\"column-3\"><strong>20\u00a0Stck.<\/strong><\/td><td class=\"column-4\"><strong>30\u00a0Stck.<\/strong><\/td><td class=\"column-5\"><strong>50\u00a0Stck.<\/strong><\/td><td class=\"column-6\"><strong>100\u00a0Stck.<\/strong><\/td><td class=\"column-7\">200\u00a0Stck.<\/td>\n<\/tr>\n<tr class=\"row-14\">\n\t<td class=\"column-1\"><strong>1-farbig<\/strong><\/td><td class=\"column-2\">15,22 \u20ac<\/td><td class=\"column-3\">13,43\u00a0\u20ac<\/td><td class=\"column-4\">16,49\u00a0\u20ac<\/td><td class=\"column-5\">12,61\u00a0\u20ac<\/td><td class=\"column-6\">10,67\u00a0\u20ac<\/td><td class=\"column-7\">3,73\u00a0\u20ac<\/td>\n<\/tr>\n<tr class=\"row-15\">\n\t<td class=\"column-1\"><strong>2-farbig<\/strong><\/td><td class=\"column-2\">33,95 \u20ac<\/td><td class=\"column-3\">25,22\u00a0\u20ac<\/td><td class=\"column-4\">20,37\u00a0\u20ac<\/td><td class=\"column-5\">16,49\u00a0\u20ac<\/td><td class=\"column-6\">12,61\u00a0\u20ac<\/td><td class=\"column-7\">9,70\u00a0\u20ac<\/td>\n<\/tr>\n<tr class=\"row-16\">\n\t<td class=\"column-1\"><strong>3-farbig<\/strong><\/td><td class=\"column-2\">44,62 \u20ac<\/td><td class=\"column-3\">32,01\u00a0\u20ac<\/td><td class=\"column-4\">25,22\u00a0\u20ac<\/td><td class=\"column-5\">19,40\u00a0\u20ac<\/td><td class=\"column-6\">14,55\u00a0\u20ac<\/td><td class=\"column-7\">10,67\u00a0\u20ac<\/td>\n<\/tr>\n<tr class=\"row-17\">\n\t<td class=\"column-1\"><strong>4-farbig<\/strong><\/td><td class=\"column-2\">53,35 \u20ac<\/td><td class=\"column-3\">37,83\u00a0\u20ac<\/td><td class=\"column-4\">30,07\u00a0\u20ac<\/td><td class=\"column-5\">22,31\u00a0\u20ac<\/td><td class=\"column-6\">16,49\u00a0\u20ac<\/td><td class=\"column-7\">11,64\u00a0\u20ac<\/td>\n<\/tr>\n<\/tbody>\n<\/table>\n<!-- #tablepress-26 from cache --><\/div>\n<\/div>\n\n\n\n<div style=\"height:30px\" aria-hidden=\"true\" class=\"wp-block-spacer\"><\/div>\n\n\n\n<div class=\"wp-block-essential-blocks-image-gallery coblocks-animate\" data-coblocks-animation=\"slideInBottom\"><div class=\"eb-parent-wrapper eb-parent-eb-image-gallery-u83iigl \"><div class=\"eb-gallery-img-wrapper eb-image-gallery-u83iigl grid overlay-bottom caption-style-0  \" data-id=\"eb-image-gallery-u83iigl\"><a href=\"https:\/\/spielwiese-werbetechnik.net\/wp-content\/uploads\/2023\/03\/DSC_0022-scaled.jpg\" id=\"eb-gallery-img-content\" data-fslightbox=\"gallery\" data-type=\"image\" class=\"eb-gallery-img-content eb-filter-img-\"><span class=\"eb-gallery-link-wrapper\"><img decoding=\"async\" class=\"eb-gallery-img\" src=\"https:\/\/spielwiese-werbetechnik.net\/wp-content\/uploads\/2023\/03\/DSC_0022-scaled.jpg\" image-index=\"0\"\/><\/span><\/a><a href=\"https:\/\/spielwiese-werbetechnik.net\/wp-content\/uploads\/2023\/03\/DSC_0606-scaled.jpg\" id=\"eb-gallery-img-content\" data-fslightbox=\"gallery\" data-type=\"image\" class=\"eb-gallery-img-content eb-filter-img-\"><span class=\"eb-gallery-link-wrapper\"><img decoding=\"async\" class=\"eb-gallery-img\" src=\"https:\/\/spielwiese-werbetechnik.net\/wp-content\/uploads\/2023\/03\/DSC_0606-scaled.jpg\" image-index=\"1\"\/><\/span><\/a><a href=\"https:\/\/spielwiese-werbetechnik.net\/wp-content\/uploads\/2023\/03\/DSC_3690-scaled.jpg\" id=\"eb-gallery-img-content\" data-fslightbox=\"gallery\" data-type=\"image\" class=\"eb-gallery-img-content eb-filter-img-\"><span class=\"eb-gallery-link-wrapper\"><img decoding=\"async\" class=\"eb-gallery-img\" src=\"https:\/\/spielwiese-werbetechnik.net\/wp-content\/uploads\/2023\/03\/DSC_3690-scaled.jpg\" image-index=\"2\"\/><\/span><\/a><a href=\"https:\/\/spielwiese-werbetechnik.net\/wp-content\/uploads\/2023\/03\/Fahnemast.jpg\" id=\"eb-gallery-img-content\" data-fslightbox=\"gallery\" data-type=\"image\" class=\"eb-gallery-img-content eb-filter-img-\"><span class=\"eb-gallery-link-wrapper\"><img decoding=\"async\" class=\"eb-gallery-img\" src=\"https:\/\/spielwiese-werbetechnik.net\/wp-content\/uploads\/2023\/03\/Fahnemast.jpg\" image-index=\"3\"\/><\/span><\/a><a href=\"https:\/\/spielwiese-werbetechnik.net\/wp-content\/uploads\/2023\/03\/Flagge.png\" id=\"eb-gallery-img-content\" data-fslightbox=\"gallery\" data-type=\"image\" class=\"eb-gallery-img-content eb-filter-img-\"><span class=\"eb-gallery-link-wrapper\"><img decoding=\"async\" class=\"eb-gallery-img\" src=\"https:\/\/spielwiese-werbetechnik.net\/wp-content\/uploads\/2023\/03\/Flagge.png\" image-index=\"4\"\/><\/span><\/a><a href=\"https:\/\/spielwiese-werbetechnik.net\/wp-content\/uploads\/2023\/02\/DSC_0754-scaled.jpg\" id=\"eb-gallery-img-content\" data-fslightbox=\"gallery\" data-type=\"image\" class=\"eb-gallery-img-content eb-filter-img-\"><span class=\"eb-gallery-link-wrapper\"><img decoding=\"async\" class=\"eb-gallery-img\" src=\"https:\/\/spielwiese-werbetechnik.net\/wp-content\/uploads\/2023\/02\/DSC_0754-scaled.jpg\" image-index=\"5\"\/><\/span><\/a><\/div><\/div><\/div>\n\n\n\n<div style=\"height:30px\" aria-hidden=\"true\" class=\"wp-block-spacer\"><\/div>\n","protected":false},"excerpt":{"rendered":"<p>Preis\u00fcbersicht Preise ab 1 qm inkl. Druck und Konfektionierung zzgl. Daten\u00fcbernahmepauschale von 28,00 \u20ac \/ Motiv. Bei h\u00f6hreren St\u00fcckzahlen sind die Preise nochmals g\u00fcnstiger. Bitte fragen Sie an! Digitaldruck-Flaggen, Inkl. Konfektion Siebdruck-Flaggen, Inkl. Konfektion<\/p>\n","protected":false},"author":2,"featured_media":0,"parent":0,"menu_order":0,"comment_status":"closed","ping_status":"closed","template":"","meta":{"_coblocks_attr":"","_coblocks_dimensions":"","_coblocks_responsive_height":"","_coblocks_accordion_ie_support":"","_eb_attr":"","neve_meta_sidebar":"","neve_meta_container":"","neve_meta_enable_content_width":"","neve_meta_content_width":0,"neve_meta_title_alignment":"","neve_meta_author_avatar":"","neve_post_elements_order":"","neve_meta_disable_header":"","neve_meta_disable_footer":"","neve_meta_disable_title":"","_themeisle_gutenberg_block_has_review":false,"footnotes":""},"class_list":["post-311","page","type-page","status-publish","hentry"],"yoast_head":"<!-- This site is optimized with the Yoast SEO plugin v26.9 - https:\/\/yoast.com\/product\/yoast-seo-wordpress\/ -->\n<title>Fahnen &amp; Masten - Hoffschmidt Werbeteam<\/title>\n<meta name=\"description\" content=\"Sch\u00f6nste Werbeflaggen\u00a0bietet Ihnen Hoffschmidt&#039;s Werbeteam. Fahnen sind in verschiedenen Standard-Konfektionstypen erh\u00e4ltlich.\" \/>\n<meta name=\"robots\" content=\"noindex, follow, max-snippet:-1, max-image-preview:large, max-video-preview:-1\" \/>\n<meta property=\"og:locale\" content=\"de_DE\" \/>\n<meta property=\"og:type\" content=\"article\" \/>\n<meta property=\"og:title\" content=\"Fahnen &amp; Masten - Hoffschmidt Werbeteam\" \/>\n<meta property=\"og:description\" content=\"Sch\u00f6nste Werbeflaggen\u00a0bietet Ihnen Hoffschmidt&#039;s Werbeteam. Fahnen sind in verschiedenen Standard-Konfektionstypen erh\u00e4ltlich.\" \/>\n<meta property=\"og:url\" content=\"https:\/\/spielwiese-werbetechnik.net\/index.php\/fahnen-masten\/\" \/>\n<meta property=\"og:site_name\" content=\"Hoffschmidt Werbeteam\" \/>\n<meta property=\"article:publisher\" content=\"https:\/\/www.facebook.com\/people\/Hoffschmidt-Werbeteam\" \/>\n<meta property=\"article:modified_time\" content=\"2023-03-06T13:37:58+00:00\" \/>\n<meta property=\"og:image\" content=\"https:\/\/spielwiese-werbetechnik.net\/wp-content\/uploads\/2023\/03\/Flagge-345x1024.png\" \/>\n<meta name=\"twitter:card\" content=\"summary_large_image\" \/>\n<meta name=\"twitter:label1\" content=\"Gesch\u00e4tzte Lesezeit\" \/>\n\t<meta name=\"twitter:data1\" content=\"2\u00a0Minuten\" \/>\n<script type=\"application\/ld+json\" class=\"yoast-schema-graph\">{\"@context\":\"https:\/\/schema.org\",\"@graph\":[{\"@type\":\"WebPage\",\"@id\":\"https:\/\/spielwiese-werbetechnik.net\/index.php\/fahnen-masten\/\",\"url\":\"https:\/\/spielwiese-werbetechnik.net\/index.php\/fahnen-masten\/\",\"name\":\"Fahnen & Masten - Hoffschmidt Werbeteam\",\"isPartOf\":{\"@id\":\"https:\/\/spielwiese-werbetechnik.net\/#website\"},\"primaryImageOfPage\":{\"@id\":\"https:\/\/spielwiese-werbetechnik.net\/index.php\/fahnen-masten\/#primaryimage\"},\"image\":{\"@id\":\"https:\/\/spielwiese-werbetechnik.net\/index.php\/fahnen-masten\/#primaryimage\"},\"thumbnailUrl\":\"https:\/\/spielwiese-werbetechnik.net\/wp-content\/uploads\/2023\/03\/Flagge-345x1024.png\",\"datePublished\":\"2023-02-09T09:24:15+00:00\",\"dateModified\":\"2023-03-06T13:37:58+00:00\",\"description\":\"Sch\u00f6nste Werbeflaggen\u00a0bietet Ihnen Hoffschmidt's Werbeteam. Fahnen sind in verschiedenen Standard-Konfektionstypen erh\u00e4ltlich.\",\"breadcrumb\":{\"@id\":\"https:\/\/spielwiese-werbetechnik.net\/index.php\/fahnen-masten\/#breadcrumb\"},\"inLanguage\":\"de\",\"potentialAction\":[{\"@type\":\"ReadAction\",\"target\":[\"https:\/\/spielwiese-werbetechnik.net\/index.php\/fahnen-masten\/\"]}]},{\"@type\":\"ImageObject\",\"inLanguage\":\"de\",\"@id\":\"https:\/\/spielwiese-werbetechnik.net\/index.php\/fahnen-masten\/#primaryimage\",\"url\":\"https:\/\/spielwiese-werbetechnik.net\/wp-content\/uploads\/2023\/03\/Flagge.png\",\"contentUrl\":\"https:\/\/spielwiese-werbetechnik.net\/wp-content\/uploads\/2023\/03\/Flagge.png\",\"width\":1031,\"height\":3058},{\"@type\":\"BreadcrumbList\",\"@id\":\"https:\/\/spielwiese-werbetechnik.net\/index.php\/fahnen-masten\/#breadcrumb\",\"itemListElement\":[{\"@type\":\"ListItem\",\"position\":1,\"name\":\"Startseite\",\"item\":\"https:\/\/spielwiese-werbetechnik.net\/\"},{\"@type\":\"ListItem\",\"position\":2,\"name\":\"Fahnen &#038; Masten\"}]},{\"@type\":\"WebSite\",\"@id\":\"https:\/\/spielwiese-werbetechnik.net\/#website\",\"url\":\"https:\/\/spielwiese-werbetechnik.net\/\",\"name\":\"Hoffschmidt Werbeteam\",\"description\":\"sichtbar bessere Werbung!\",\"potentialAction\":[{\"@type\":\"SearchAction\",\"target\":{\"@type\":\"EntryPoint\",\"urlTemplate\":\"https:\/\/spielwiese-werbetechnik.net\/?s={search_term_string}\"},\"query-input\":{\"@type\":\"PropertyValueSpecification\",\"valueRequired\":true,\"valueName\":\"search_term_string\"}}],\"inLanguage\":\"de\"}]}<\/script>\n<!-- \/ Yoast SEO plugin. -->","yoast_head_json":{"title":"Fahnen & Masten - Hoffschmidt Werbeteam","description":"Sch\u00f6nste Werbeflaggen\u00a0bietet Ihnen Hoffschmidt's Werbeteam. Fahnen sind in verschiedenen Standard-Konfektionstypen erh\u00e4ltlich.","robots":{"index":"noindex","follow":"follow","max-snippet":"max-snippet:-1","max-image-preview":"max-image-preview:large","max-video-preview":"max-video-preview:-1"},"og_locale":"de_DE","og_type":"article","og_title":"Fahnen & Masten - Hoffschmidt Werbeteam","og_description":"Sch\u00f6nste Werbeflaggen\u00a0bietet Ihnen Hoffschmidt's Werbeteam. Fahnen sind in verschiedenen Standard-Konfektionstypen erh\u00e4ltlich.","og_url":"https:\/\/spielwiese-werbetechnik.net\/index.php\/fahnen-masten\/","og_site_name":"Hoffschmidt Werbeteam","article_publisher":"https:\/\/www.facebook.com\/people\/Hoffschmidt-Werbeteam","article_modified_time":"2023-03-06T13:37:58+00:00","og_image":[{"url":"https:\/\/spielwiese-werbetechnik.net\/wp-content\/uploads\/2023\/03\/Flagge-345x1024.png","type":"","width":"","height":""}],"twitter_card":"summary_large_image","twitter_misc":{"Gesch\u00e4tzte Lesezeit":"2\u00a0Minuten"},"schema":{"@context":"https:\/\/schema.org","@graph":[{"@type":"WebPage","@id":"https:\/\/spielwiese-werbetechnik.net\/index.php\/fahnen-masten\/","url":"https:\/\/spielwiese-werbetechnik.net\/index.php\/fahnen-masten\/","name":"Fahnen & Masten - Hoffschmidt Werbeteam","isPartOf":{"@id":"https:\/\/spielwiese-werbetechnik.net\/#website"},"primaryImageOfPage":{"@id":"https:\/\/spielwiese-werbetechnik.net\/index.php\/fahnen-masten\/#primaryimage"},"image":{"@id":"https:\/\/spielwiese-werbetechnik.net\/index.php\/fahnen-masten\/#primaryimage"},"thumbnailUrl":"https:\/\/spielwiese-werbetechnik.net\/wp-content\/uploads\/2023\/03\/Flagge-345x1024.png","datePublished":"2023-02-09T09:24:15+00:00","dateModified":"2023-03-06T13:37:58+00:00","description":"Sch\u00f6nste Werbeflaggen\u00a0bietet Ihnen Hoffschmidt's Werbeteam. Fahnen sind in verschiedenen Standard-Konfektionstypen erh\u00e4ltlich.","breadcrumb":{"@id":"https:\/\/spielwiese-werbetechnik.net\/index.php\/fahnen-masten\/#breadcrumb"},"inLanguage":"de","potentialAction":[{"@type":"ReadAction","target":["https:\/\/spielwiese-werbetechnik.net\/index.php\/fahnen-masten\/"]}]},{"@type":"ImageObject","inLanguage":"de","@id":"https:\/\/spielwiese-werbetechnik.net\/index.php\/fahnen-masten\/#primaryimage","url":"https:\/\/spielwiese-werbetechnik.net\/wp-content\/uploads\/2023\/03\/Flagge.png","contentUrl":"https:\/\/spielwiese-werbetechnik.net\/wp-content\/uploads\/2023\/03\/Flagge.png","width":1031,"height":3058},{"@type":"BreadcrumbList","@id":"https:\/\/spielwiese-werbetechnik.net\/index.php\/fahnen-masten\/#breadcrumb","itemListElement":[{"@type":"ListItem","position":1,"name":"Startseite","item":"https:\/\/spielwiese-werbetechnik.net\/"},{"@type":"ListItem","position":2,"name":"Fahnen &#038; Masten"}]},{"@type":"WebSite","@id":"https:\/\/spielwiese-werbetechnik.net\/#website","url":"https:\/\/spielwiese-werbetechnik.net\/","name":"Hoffschmidt Werbeteam","description":"sichtbar bessere Werbung!","potentialAction":[{"@type":"SearchAction","target":{"@type":"EntryPoint","urlTemplate":"https:\/\/spielwiese-werbetechnik.net\/?s={search_term_string}"},"query-input":{"@type":"PropertyValueSpecification","valueRequired":true,"valueName":"search_term_string"}}],"inLanguage":"de"}]}},"_links":{"self":[{"href":"https:\/\/spielwiese-werbetechnik.net\/index.php\/wp-json\/wp\/v2\/pages\/311","targetHints":{"allow":["GET"]}}],"collection":[{"href":"https:\/\/spielwiese-werbetechnik.net\/index.php\/wp-json\/wp\/v2\/pages"}],"about":[{"href":"https:\/\/spielwiese-werbetechnik.net\/index.php\/wp-json\/wp\/v2\/types\/page"}],"author":[{"embeddable":true,"href":"https:\/\/spielwiese-werbetechnik.net\/index.php\/wp-json\/wp\/v2\/users\/2"}],"replies":[{"embeddable":true,"href":"https:\/\/spielwiese-werbetechnik.net\/index.php\/wp-json\/wp\/v2\/comments?post=311"}],"version-history":[{"count":26,"href":"https:\/\/spielwiese-werbetechnik.net\/index.php\/wp-json\/wp\/v2\/pages\/311\/revisions"}],"predecessor-version":[{"id":1413,"href":"https:\/\/spielwiese-werbetechnik.net\/index.php\/wp-json\/wp\/v2\/pages\/311\/revisions\/1413"}],"wp:attachment":[{"href":"https:\/\/spielwiese-werbetechnik.net\/index.php\/wp-json\/wp\/v2\/media?parent=311"}],"curies":[{"name":"wp","href":"https:\/\/api.w.org\/{rel}","templated":true}]}}